{"id":708,"date":"2023-05-23T19:36:55","date_gmt":"2023-05-24T00:36:55","guid":{"rendered":"https:\/\/citrar.uni.edu.pe\/?page_id=708"},"modified":"2023-05-23T19:37:53","modified_gmt":"2023-05-24T00:37:53","slug":"contacto","status":"publish","type":"page","link":"https:\/\/citrar.uni.edu.pe\/index.php\/contacto\/","title":{"rendered":"Contacto"},"content":{"rendered":"\n<p>El CITRAR-UNI est\u00e1 ubicado en el sector T del campus de la Universidad Nacional de Ingenier\u00eda (UNI) en el distrito del R\u00edmac en la ciudad de Lima, Per\u00fa.<\/p>\n\n\n\n<p>Universidad Nacional de Ingenier\u00eda <br>Av. T\u00fapac Amaru S\/N. Puerta 7. R\u00edmac, Lima. <br>Correo: citrar@uni.edu.pe\u00a0<\/p>\n\n\n\n<iframe src=\"https:\/\/www.google.com\/maps\/embed?pb=!1m14!1m8!1m3!1d15609.866437774615!2d-77.050571!3d-12.0113642!3m2!1i1024!2i768!4f13.1!3m3!1m2!1s0x9105cf1b8716eb05%3A0xef6a3d7f450d9a09!2sCITRAR-UNI!5e0!3m2!1ses!2spe!4v1684888601918!5m2!1ses!2spe\" width=\"600\" height=\"450\" style=\"border:0;\" allowfullscreen=\"\" loading=\"lazy\" referrerpolicy=\"no-referrer-when-downgrade\"><\/iframe>\n","protected":false},"excerpt":{"rendered":"<p>El CITRAR-UNI est\u00e1 ubicado en el sector T del campus de la Universidad Nacional de Ingenier\u00eda (UNI) en el distrito del R\u00edmac en la ciudad&hellip;<\/p>\n","protected":false},"author":1,"featured_media":0,"parent":0,"menu_order":0,"comment_status":"closed","ping_status":"closed","template":"","meta":{"footnotes":""},"class_list":["post-708","page","type-page","status-publish","hentry"],"_links":{"self":[{"href":"https:\/\/citrar.uni.edu.pe\/index.php\/wp-json\/wp\/v2\/pages\/708","targetHints":{"allow":["GET"]}}],"collection":[{"href":"https:\/\/citrar.uni.edu.pe\/index.php\/wp-json\/wp\/v2\/pages"}],"about":[{"href":"https:\/\/citrar.uni.edu.pe\/index.php\/wp-json\/wp\/v2\/types\/page"}],"author":[{"embeddable":true,"href":"https:\/\/citrar.uni.edu.pe\/index.php\/wp-json\/wp\/v2\/users\/1"}],"replies":[{"embeddable":true,"href":"https:\/\/citrar.uni.edu.pe\/index.php\/wp-json\/wp\/v2\/comments?post=708"}],"version-history":[{"count":2,"href":"https:\/\/citrar.uni.edu.pe\/index.php\/wp-json\/wp\/v2\/pages\/708\/revisions"}],"predecessor-version":[{"id":711,"href":"https:\/\/citrar.uni.edu.pe\/index.php\/wp-json\/wp\/v2\/pages\/708\/revisions\/711"}],"wp:attachment":[{"href":"https:\/\/citrar.uni.edu.pe\/index.php\/wp-json\/wp\/v2\/media?parent=708"}],"curies":[{"name":"wp","href":"https:\/\/api.w.org\/{rel}","templated":true}]}}