{"id":23,"date":"2018-05-03T11:40:11","date_gmt":"2018-05-03T16:40:11","guid":{"rendered":"https:\/\/demo.academiathemes.com\/bradbury-school\/?page_id=23"},"modified":"2023-05-23T19:39:18","modified_gmt":"2023-05-24T00:39:18","slug":"nosotros","status":"publish","type":"page","link":"https:\/\/citrar.uni.edu.pe\/index.php\/nosotros\/","title":{"rendered":"Nosotros"},"content":{"rendered":"\n<p class=\"has-large-font-size\">Primer centro universitario de investigaci\u00f3n, asesor\u00eda t\u00e9cnica y capacitaci\u00f3n en el \u00e1rea del tratamiento de las aguas residuales domesticas.<\/p>\n\n\n\n<p>El Centro de Investigaci\u00f3n en Tratamiento de Aguas Residuales y Residuos Peligrosos &#8211; CITRAR-UNI se inicia en el a\u00f1o 2011 lo que hasta entonces era la planta piloto de tratamiento de aguas residuales de la Universidad Nacional de Ingenier\u00eda UNITRAR, que entr\u00f3 en funcionamiento en Enero de 1996. CITRAR-UNI Tiene el prop\u00f3sito de propiciar la investigaci\u00f3n cient\u00edfica, con tendencia a buscar alternativas t\u00e9cnicas de soluci\u00f3n de bajo costo a la problem\u00e1tica del tratamiento, disposici\u00f3n y re\u00faso inadecuado de las aguas residuales y residuos peligrosos en el Per\u00fa. CITRAR-UNI se encuentra ubicado en la parte norte del Campus Universitario, Sector \u201cT\u2019 en un \u00e1rea de 4.5 Ha, al lado derecho de la Avenida T\u00fapac Amaru en el distrito del R\u00edmac (Lima, Per\u00fa).<\/p>\n","protected":false},"excerpt":{"rendered":"<p>Primer centro universitario de investigaci\u00f3n, asesor\u00eda t\u00e9cnica y capacitaci\u00f3n en el \u00e1rea del tratamiento de las aguas residuales domesticas. El Centro de Investigaci\u00f3n en Tratamiento&hellip;<\/p>\n","protected":false},"author":1,"featured_media":0,"parent":0,"menu_order":0,"comment_status":"closed","ping_status":"closed","template":"","meta":{"footnotes":""},"class_list":["post-23","page","type-page","status-publish","hentry"],"_links":{"self":[{"href":"https:\/\/citrar.uni.edu.pe\/index.php\/wp-json\/wp\/v2\/pages\/23","targetHints":{"allow":["GET"]}}],"collection":[{"href":"https:\/\/citrar.uni.edu.pe\/index.php\/wp-json\/wp\/v2\/pages"}],"about":[{"href":"https:\/\/citrar.uni.edu.pe\/index.php\/wp-json\/wp\/v2\/types\/page"}],"author":[{"embeddable":true,"href":"https:\/\/citrar.uni.edu.pe\/index.php\/wp-json\/wp\/v2\/users\/1"}],"replies":[{"embeddable":true,"href":"https:\/\/citrar.uni.edu.pe\/index.php\/wp-json\/wp\/v2\/comments?post=23"}],"version-history":[{"count":6,"href":"https:\/\/citrar.uni.edu.pe\/index.php\/wp-json\/wp\/v2\/pages\/23\/revisions"}],"predecessor-version":[{"id":712,"href":"https:\/\/citrar.uni.edu.pe\/index.php\/wp-json\/wp\/v2\/pages\/23\/revisions\/712"}],"wp:attachment":[{"href":"https:\/\/citrar.uni.edu.pe\/index.php\/wp-json\/wp\/v2\/media?parent=23"}],"curies":[{"name":"wp","href":"https:\/\/api.w.org\/{rel}","templated":true}]}}